{"id":42,"date":"2017-07-27T12:50:20","date_gmt":"2017-07-27T16:50:20","guid":{"rendered":"http:\/\/vps.zimple.eu\/rd24\/blog\/?page_id=42"},"modified":"2023-03-23T11:29:08","modified_gmt":"2023-03-23T10:29:08","slug":"a-propos","status":"publish","type":"page","link":"https:\/\/remidurand.eu\/blog\/a-propos\/","title":{"rendered":"A propos"},"content":{"rendered":"<p><img loading=\"lazy\" decoding=\"async\" class=\"aligncenter wp-image-137 size-thumbnail\" src=\"http:\/\/vps.zimple.eu\/rd24\/blog\/wp-content\/uploads\/2017\/07\/mdIdRlN__400x400-150x150.jpg\" alt=\"\" width=\"150\" height=\"150\" srcset=\"https:\/\/remidurand.eu\/blog\/wp-content\/uploads\/2017\/07\/mdIdRlN__400x400-150x150.jpg 150w, https:\/\/remidurand.eu\/blog\/wp-content\/uploads\/2017\/07\/mdIdRlN__400x400-300x300.jpg 300w, https:\/\/remidurand.eu\/blog\/wp-content\/uploads\/2017\/07\/mdIdRlN__400x400.jpg 392w\" sizes=\"auto, (max-width: 150px) 100vw, 150px\" \/><\/p>\n<p style=\"text-align: center;\"><strong>R\u00e9mi Durand<\/strong><br \/>\nSud-Ouest \/ Paris, France \/ Scandinavie<\/p>\n<h4>En bref<\/h4>\n<ul>\n<li>\ud83d\udd30\u00a0 Perp\u00e9tuel \u00e9tudiant<\/li>\n<li>\ud83d\udca1\u00a0 G\u00e9n\u00e9rateur d&rsquo;id\u00e9es<\/li>\n<li>\ud83d\ude80 Futuriste<\/li>\n<\/ul>\n<hr \/>\n<h4>Aujourd&rsquo;hui<\/h4>\n<p>\ud83d\udcbb Je maintiens vos intranets d\u00e9velopp\u00e9s en PHP, assure des formations en base de donn\u00e9es et d\u00e9veloppement back-end.<\/p>\n<p><a href=\"https:\/\/remidurand.eu\/blog\/contact\/\">Un besoin, une question ? Contactez-moi<\/a><\/p>\n<h4>Hier<\/h4>\n<p>\ud83e\udd84 \u00c9tudiant Entrepreneur, 2019<\/p>\n<p>\ud83c\udf93 MIAGE, 2016<\/p>\n<p>\u26a1 Ex-\u00e9nerg\u00e9ticien \/ financier<\/p>\n<p>\ud83d\udce2\u00a0Passage par le mode associatif<\/p>\n","protected":false},"excerpt":{"rendered":"<p>R\u00e9mi Durand Sud-Ouest \/ Paris, France \/ Scandinavie En bref \ud83d\udd30\u00a0 Perp\u00e9tuel \u00e9tudiant \ud83d\udca1\u00a0 G\u00e9n\u00e9rateur d&rsquo;id\u00e9es \ud83d\ude80 Futuriste Aujourd&rsquo;hui \ud83d\udcbb Je maintiens vos intranets d\u00e9velopp\u00e9s en PHP, assure des formations en base de donn\u00e9es et d\u00e9veloppement back-end. Un besoin, une question ? Contactez-moi Hier \ud83e\udd84 \u00c9tudiant Entrepreneur, 2019 \ud83c\udf93 MIAGE, 2016 \u26a1 Ex-\u00e9nerg\u00e9ticien \/ financier [&hellip;]<\/p>\n","protected":false},"author":1,"featured_media":76,"parent":0,"menu_order":0,"comment_status":"closed","ping_status":"closed","template":"","meta":{"footnotes":""},"class_list":["post-42","page","type-page","status-publish","has-post-thumbnail","hentry"],"_links":{"self":[{"href":"https:\/\/remidurand.eu\/blog\/wp-json\/wp\/v2\/pages\/42","targetHints":{"allow":["GET"]}}],"collection":[{"href":"https:\/\/remidurand.eu\/blog\/wp-json\/wp\/v2\/pages"}],"about":[{"href":"https:\/\/remidurand.eu\/blog\/wp-json\/wp\/v2\/types\/page"}],"author":[{"embeddable":true,"href":"https:\/\/remidurand.eu\/blog\/wp-json\/wp\/v2\/users\/1"}],"replies":[{"embeddable":true,"href":"https:\/\/remidurand.eu\/blog\/wp-json\/wp\/v2\/comments?post=42"}],"version-history":[{"count":18,"href":"https:\/\/remidurand.eu\/blog\/wp-json\/wp\/v2\/pages\/42\/revisions"}],"predecessor-version":[{"id":1355,"href":"https:\/\/remidurand.eu\/blog\/wp-json\/wp\/v2\/pages\/42\/revisions\/1355"}],"wp:featuredmedia":[{"embeddable":true,"href":"https:\/\/remidurand.eu\/blog\/wp-json\/wp\/v2\/media\/76"}],"wp:attachment":[{"href":"https:\/\/remidurand.eu\/blog\/wp-json\/wp\/v2\/media?parent=42"}],"curies":[{"name":"wp","href":"https:\/\/api.w.org\/{rel}","templated":true}]}}